{"id":50,"date":"2025-08-12T11:46:50","date_gmt":"2025-08-12T11:46:50","guid":{"rendered":"https:\/\/hosteleriasoluciones.com\/?page_id=50"},"modified":"2025-08-29T09:23:21","modified_gmt":"2025-08-29T09:23:21","slug":"maquinaria-mobiliario","status":"publish","type":"page","link":"https:\/\/hosteleriasoluciones.com\/index.php\/maquinaria-mobiliario\/","title":{"rendered":"Maquinaria y mobiliario industrial"},"content":{"rendered":"<p>[et_pb_section fb_built=\u00bb1&#8243; fullwidth=\u00bbon\u00bb _builder_version=\u00bb4.27.4&#8243; _module_preset=\u00bbdefault\u00bb background_enable_image=\u00bboff\u00bb height=\u00bb625px\u00bb global_colors_info=\u00bb{}\u00bb][et_pb_fullwidth_slider use_bg_overlay=\u00bboff\u00bb _builder_version=\u00bb4.27.4&#8243; _module_preset=\u00bbdefault\u00bb global_colors_info=\u00bb{}\u00bb][et_pb_slide heading=\u00bbMAQUINARIA Y MOBILIARIO INDUSTRIAL\u00bb use_bg_overlay=\u00bbon\u00bb use_text_overlay=\u00bboff\u00bb _builder_version=\u00bb4.27.4&#8243; _module_preset=\u00bbdefault\u00bb background_image=\u00bbhttps:\/\/hosteleriasoluciones.com\/wp-content\/uploads\/2025\/08\/maquinaria-mobiliario-industrial-1920&#215;1000-slide.jpg\u00bb background_enable_image=\u00bbon\u00bb parallax=\u00bbon\u00bb global_colors_info=\u00bb{}\u00bb sticky_transition=\u00bbon\u00bb][\/et_pb_slide][\/et_pb_fullwidth_slider][\/et_pb_section][et_pb_section fb_built=\u00bb1&#8243; fullwidth=\u00bbon\u00bb _builder_version=\u00bb4.27.4&#8243; _module_preset=\u00bbdefault\u00bb global_colors_info=\u00bb{}\u00bb][et_pb_fullwidth_header title=\u00bbLa soluci\u00f3n que esperabas\u00bb text_orientation=\u00bbcenter\u00bb logo_image_url=\u00bbhttps:\/\/hosteleriasoluciones.com\/wp-content\/uploads\/2025\/08\/icono-maquinas-mobiliario.png\u00bb _builder_version=\u00bb4.27.4&#8243; _module_preset=\u00bbdefault\u00bb title_text_color=\u00bb#000000&#8243; content_text_color=\u00bb#000000&#8243; subhead_text_color=\u00bb#000000&#8243; background_enable_color=\u00bboff\u00bb custom_margin=\u00bb-37px|||||\u00bb hover_enabled=\u00bb0&#8243; global_colors_info=\u00bb{}\u00bb sticky_enabled=\u00bb0&#8243;]<\/p>\n<p>Maquinaria y Mobiliario Industrial para Hosteler\u00eda y Restauraci\u00f3n<br \/>En <strong>The Title Hosteler\u00eda<\/strong> ofrecemos soluciones completas en <strong data-start=\"293\" data-end=\"331\">maquinaria y mobiliario industrial<\/strong>, dise\u00f1adas para cubrir las necesidades de bares, restaurantes, hoteles y cafeter\u00edas. <\/p>\n<p>[\/et_pb_fullwidth_header][\/et_pb_section][et_pb_section fb_built=\u00bb1&#8243; fullwidth=\u00bbon\u00bb _builder_version=\u00bb4.27.4&#8243; _module_preset=\u00bbdefault\u00bb background_image=\u00bbhttps:\/\/hosteleriasoluciones.com\/wp-content\/uploads\/2025\/08\/maquinaria-mobiliario-industrial-1920&#215;1000-slide3.jpg\u00bb parallax=\u00bbon\u00bb parallax_method=\u00bboff\u00bb height=\u00bb625px\u00bb global_colors_info=\u00bb{}\u00bb][\/et_pb_section][et_pb_section fb_built=\u00bb1&#8243; _builder_version=\u00bb4.27.4&#8243; _module_preset=\u00bbdefault\u00bb global_colors_info=\u00bb{}\u00bb][et_pb_row _builder_version=\u00bb4.27.4&#8243; _module_preset=\u00bbdefault\u00bb global_colors_info=\u00bb{}\u00bb][et_pb_column type=\u00bb4_4&#8243; _builder_version=\u00bb4.27.4&#8243; _module_preset=\u00bbdefault\u00bb global_colors_info=\u00bb{}\u00bb][et_pb_text _builder_version=\u00bb4.27.4&#8243; _module_preset=\u00bbdefault\u00bb text_font=\u00bbPoppins|700|||||||\u00bb text_text_color=\u00bb#000000&#8243; text_line_height=\u00bb1.8em\u00bb hover_enabled=\u00bb0&#8243; global_colors_info=\u00bb{}\u00bb sticky_enabled=\u00bb0&#8243;]<\/p>\n<h2>Equipa tu negocio con lo mejor en maquinaria y mobiliario profesional.\u00a0<\/h2>\n<p>[\/et_pb_text][et_pb_text _builder_version=\u00bb4.27.4&#8243; _module_preset=\u00bbdefault\u00bb hover_enabled=\u00bb0&#8243; global_colors_info=\u00bb{}\u00bb sticky_enabled=\u00bb0&#8243;]<\/p>\n<blockquote>\n<p><strong>En The Title Hosteler\u00eda te ofrecemos soluciones pensadas para bares, restaurantes, cafeter\u00edas y hoteles, que combinan calidad, durabilidad y funcionalidad.\u00a0<\/strong><\/p>\n<p><strong>Trabajamos con marcas l\u00edderes del sector, maquinaria fiable y materiales dise\u00f1ados para soportar turnos largos, ajetreo y mucho fuego.<\/strong><\/p>\n<ul>\n<li data-start=\"496\" data-end=\"564\">\n<p data-start=\"498\" data-end=\"564\">Cocinas y hornos industriales, planchas y fogones<\/p>\n<\/li>\n<li data-start=\"496\" data-end=\"564\">\n<p data-start=\"498\" data-end=\"564\">Refrigeraci\u00f3n, frigor\u00edficos, vitrinas expositoras y congeladores de alto rendimiento.<\/p>\n<\/li>\n<li data-start=\"496\" data-end=\"564\">Lavavajillas y lavavasos r\u00e1pidos y eficientes.<\/li>\n<li data-start=\"565\" data-end=\"657\">\n<p data-start=\"567\" data-end=\"657\">Freidoras, microondas industriales y cafeteras.<\/p>\n<\/li>\n<li data-start=\"565\" data-end=\"657\">\n<p data-start=\"567\" data-end=\"657\">Mobiliario profesional: mesas, sillas, estanter\u00edas y todo lo que tu equipo necesita.<\/p>\n<\/li>\n<li data-start=\"658\" data-end=\"727\">\n<p data-start=\"660\" data-end=\"727\">Soluciones adaptadas a tu espacio y al volumen de tu negocio. Mobiliario inoxidable, carros y estanter\u00edas para aprovechar al m\u00e1ximo cada metro cuadrado de su establecimiento.<\/p>\n<\/li>\n<li data-start=\"728\" data-end=\"820\">\n<p data-start=\"730\" data-end=\"820\">Asesoramiento experto para que cada producto funcione al m\u00e1ximo desde el primer d\u00eda.<\/p>\n<\/li>\n<\/ul>\n<ul><\/ul>\n<p>Con nuestro equipamiento, tu establecimiento ser\u00e1 m\u00e1s <strong data-start=\"876\" data-end=\"911\">eficiente, seguro y profesional<\/strong>, ofreciendo a tus clientes la mejor experiencia mientras t\u00fa optimizas recursos y operativa.<\/p>\n<p>Recuerda que todo peque\u00f1o equipamiento profesional marca la diferencia en el d\u00eda a d\u00eda.<\/p>\n<p><strong>\u00abTE ACOMPA\u00d1AMOS\u00bb<\/strong><\/p>\n<\/blockquote>\n<p>[\/et_pb_text][\/et_pb_column][\/et_pb_row][et_pb_row use_custom_gutter=\u00bbon\u00bb gutter_width=\u00bb1&#8243; _builder_version=\u00bb4.27.4&#8243; _module_preset=\u00bbdefault\u00bb global_colors_info=\u00bb{}\u00bb][et_pb_column type=\u00bb4_4&#8243; _builder_version=\u00bb4.27.4&#8243; _module_preset=\u00bbdefault\u00bb global_colors_info=\u00bb{}\u00bb][et_pb_gallery gallery_ids=\u00bb268,271,272,273&#8243; gallery_orderby=\u00bbrand\u00bb show_title_and_caption=\u00bboff\u00bb show_pagination=\u00bboff\u00bb zoom_icon_color=\u00bb#ffffff\u00bb hover_overlay_color=\u00bbrgba(255,255,255,0.44)\u00bb hover_icon=\u00bb&#x50;||divi||400&#8243; _builder_version=\u00bb4.27.4&#8243; _module_preset=\u00bbdefault\u00bb title_font_size=\u00bb13px\u00bb title_line_height=\u00bb1.5em\u00bb background_color=\u00bbRGBA(255,255,255,0)\u00bb text_orientation=\u00bbcenter\u00bb module_alignment=\u00bbcenter\u00bb custom_margin=\u00bb||||false|false\u00bb custom_padding=\u00bb||||false|false\u00bb border_width_all=\u00bb4px\u00bb border_color_all=\u00bb#FFFFFF\u00bb global_colors_info=\u00bb{}\u00bb][\/et_pb_gallery][\/et_pb_column][\/et_pb_row][\/et_pb_section][et_pb_section fb_built=\u00bb1&#8243; fullwidth=\u00bbon\u00bb _builder_version=\u00bb4.27.4&#8243; _module_preset=\u00bbdefault\u00bb background_image=\u00bbhttps:\/\/hosteleriasoluciones.com\/wp-content\/uploads\/2025\/08\/1920&#215;1000-slide4-1.jpg\u00bb parallax=\u00bbon\u00bb parallax_method=\u00bboff\u00bb height=\u00bb625px\u00bb global_colors_info=\u00bb{}\u00bb][\/et_pb_section][et_pb_section fb_built=\u00bb1&#8243; fullwidth=\u00bbon\u00bb _builder_version=\u00bb4.27.4&#8243; _module_preset=\u00bbdefault\u00bb background_color=\u00bb#d7b356&#8243; global_colors_info=\u00bb{}\u00bb][et_pb_fullwidth_header title=\u00bb\u00bfNecesitas ayuda personalizada?\u00bb text_orientation=\u00bbcenter\u00bb header_image_url=\u00bbhttps:\/\/hosteleriasoluciones.com\/wp-content\/uploads\/2025\/08\/TAXI-VALENCIA-CITY-icono-whatsapp2.png\u00bb _builder_version=\u00bb4.27.4&#8243; _module_preset=\u00bbdefault\u00bb title_level=\u00bbh3&#8243; title_font=\u00bb&#8211;et_global_body_font|||on|||||\u00bb title_text_align=\u00bbcenter\u00bb title_text_color=\u00bb#000000&#8243; title_letter_spacing=\u00bb1px\u00bb content_font=\u00bb&#8211;et_global_body_font||||||||\u00bb content_text_color=\u00bb#000000&#8243; content_font_size=\u00bb16px\u00bb content_line_height=\u00bb1.9em\u00bb subhead_text_color=\u00bb#000000&#8243; background_enable_color=\u00bboff\u00bb link_option_url=\u00bbhttps:\/\/wa.me\/633306641&#8243; title_font_size_tablet=\u00bb26px\u00bb title_font_size_phone=\u00bb22px\u00bb title_font_size_last_edited=\u00bbon|desktop\u00bb content_font_size_tablet=\u00bb\u00bb content_font_size_phone=\u00bb\u00bb content_font_size_last_edited=\u00bbon|desktop\u00bb global_colors_info=\u00bb{}\u00bb]<\/p>\n<p>CONTACTA CON NOSOTROS<\/p>\n<p><strong>+34 633 30 66 41<\/strong><\/p>\n<p>[\/et_pb_fullwidth_header][\/et_pb_section]<\/p>\n","protected":false},"excerpt":{"rendered":"<p>Maquinaria y Mobiliario Industrial para Hosteler\u00eda y Restauraci\u00f3nEn The Title Hosteler\u00eda ofrecemos soluciones completas en maquinaria y mobiliario industrial, dise\u00f1adas para cubrir las necesidades de bares, restaurantes, hoteles y cafeter\u00edas. Equipa tu negocio con lo mejor en maquinaria y mobiliario profesional.\u00a0 En The Title Hosteler\u00eda te ofrecemos soluciones pensadas para bares, restaurantes, cafeter\u00edas y hoteles, [&hellip;]<\/p>\n","protected":false},"author":2,"featured_media":0,"parent":0,"menu_order":0,"comment_status":"closed","ping_status":"closed","template":"","meta":{"_et_pb_use_builder":"on","_et_pb_old_content":"","_et_gb_content_width":"","footnotes":""},"class_list":["post-50","page","type-page","status-publish","hentry"],"yoast_head":"<!-- This site is optimized with the Yoast SEO plugin v25.6 - https:\/\/yoast.com\/wordpress\/plugins\/seo\/ -->\n<title>Maquinaria y mobiliario industrial - Soluciones Hosteler\u00eda<\/title>\n<meta name=\"robots\" content=\"noindex, follow, max-snippet:-1, max-image-preview:large, max-video-preview:-1\" \/>\n<meta property=\"og:locale\" content=\"es_ES\" \/>\n<meta property=\"og:type\" content=\"article\" \/>\n<meta property=\"og:title\" content=\"Maquinaria y mobiliario industrial - Soluciones Hosteler\u00eda\" \/>\n<meta property=\"og:description\" content=\"Maquinaria y Mobiliario Industrial para Hosteler\u00eda y Restauraci\u00f3nEn The Title Hosteler\u00eda ofrecemos soluciones completas en maquinaria y mobiliario industrial, dise\u00f1adas para cubrir las necesidades de bares, restaurantes, hoteles y cafeter\u00edas. Equipa tu negocio con lo mejor en maquinaria y mobiliario profesional.\u00a0 En The Title Hosteler\u00eda te ofrecemos soluciones pensadas para bares, restaurantes, cafeter\u00edas y hoteles, [&hellip;]\" \/>\n<meta property=\"og:url\" content=\"https:\/\/hosteleriasoluciones.com\/index.php\/maquinaria-mobiliario\/\" \/>\n<meta property=\"og:site_name\" content=\"Soluciones Hosteler\u00eda\" \/>\n<meta property=\"article:modified_time\" content=\"2025-08-29T09:23:21+00:00\" \/>\n<meta name=\"twitter:card\" content=\"summary_large_image\" \/>\n<script type=\"application\/ld+json\" class=\"yoast-schema-graph\">{\"@context\":\"https:\/\/schema.org\",\"@graph\":[{\"@type\":\"WebPage\",\"@id\":\"https:\/\/hosteleriasoluciones.com\/index.php\/maquinaria-mobiliario\/\",\"url\":\"https:\/\/hosteleriasoluciones.com\/index.php\/maquinaria-mobiliario\/\",\"name\":\"Maquinaria y mobiliario industrial - Soluciones Hosteler\u00eda\",\"isPartOf\":{\"@id\":\"https:\/\/hosteleriasoluciones.com\/#website\"},\"datePublished\":\"2025-08-12T11:46:50+00:00\",\"dateModified\":\"2025-08-29T09:23:21+00:00\",\"breadcrumb\":{\"@id\":\"https:\/\/hosteleriasoluciones.com\/index.php\/maquinaria-mobiliario\/#breadcrumb\"},\"inLanguage\":\"es\",\"potentialAction\":[{\"@type\":\"ReadAction\",\"target\":[\"https:\/\/hosteleriasoluciones.com\/index.php\/maquinaria-mobiliario\/\"]}]},{\"@type\":\"BreadcrumbList\",\"@id\":\"https:\/\/hosteleriasoluciones.com\/index.php\/maquinaria-mobiliario\/#breadcrumb\",\"itemListElement\":[{\"@type\":\"ListItem\",\"position\":1,\"name\":\"Portada\",\"item\":\"https:\/\/hosteleriasoluciones.com\/\"},{\"@type\":\"ListItem\",\"position\":2,\"name\":\"Maquinaria y mobiliario industrial\"}]},{\"@type\":\"WebSite\",\"@id\":\"https:\/\/hosteleriasoluciones.com\/#website\",\"url\":\"https:\/\/hosteleriasoluciones.com\/\",\"name\":\"Soluciones Hosteler\u00eda\",\"description\":\"\",\"potentialAction\":[{\"@type\":\"SearchAction\",\"target\":{\"@type\":\"EntryPoint\",\"urlTemplate\":\"https:\/\/hosteleriasoluciones.com\/?s={search_term_string}\"},\"query-input\":{\"@type\":\"PropertyValueSpecification\",\"valueRequired\":true,\"valueName\":\"search_term_string\"}}],\"inLanguage\":\"es\"}]}<\/script>\n<!-- \/ Yoast SEO plugin. -->","yoast_head_json":{"title":"Maquinaria y mobiliario industrial - Soluciones Hosteler\u00eda","robots":{"index":"noindex","follow":"follow","max-snippet":"max-snippet:-1","max-image-preview":"max-image-preview:large","max-video-preview":"max-video-preview:-1"},"og_locale":"es_ES","og_type":"article","og_title":"Maquinaria y mobiliario industrial - Soluciones Hosteler\u00eda","og_description":"Maquinaria y Mobiliario Industrial para Hosteler\u00eda y Restauraci\u00f3nEn The Title Hosteler\u00eda ofrecemos soluciones completas en maquinaria y mobiliario industrial, dise\u00f1adas para cubrir las necesidades de bares, restaurantes, hoteles y cafeter\u00edas. Equipa tu negocio con lo mejor en maquinaria y mobiliario profesional.\u00a0 En The Title Hosteler\u00eda te ofrecemos soluciones pensadas para bares, restaurantes, cafeter\u00edas y hoteles, [&hellip;]","og_url":"https:\/\/hosteleriasoluciones.com\/index.php\/maquinaria-mobiliario\/","og_site_name":"Soluciones Hosteler\u00eda","article_modified_time":"2025-08-29T09:23:21+00:00","twitter_card":"summary_large_image","schema":{"@context":"https:\/\/schema.org","@graph":[{"@type":"WebPage","@id":"https:\/\/hosteleriasoluciones.com\/index.php\/maquinaria-mobiliario\/","url":"https:\/\/hosteleriasoluciones.com\/index.php\/maquinaria-mobiliario\/","name":"Maquinaria y mobiliario industrial - Soluciones Hosteler\u00eda","isPartOf":{"@id":"https:\/\/hosteleriasoluciones.com\/#website"},"datePublished":"2025-08-12T11:46:50+00:00","dateModified":"2025-08-29T09:23:21+00:00","breadcrumb":{"@id":"https:\/\/hosteleriasoluciones.com\/index.php\/maquinaria-mobiliario\/#breadcrumb"},"inLanguage":"es","potentialAction":[{"@type":"ReadAction","target":["https:\/\/hosteleriasoluciones.com\/index.php\/maquinaria-mobiliario\/"]}]},{"@type":"BreadcrumbList","@id":"https:\/\/hosteleriasoluciones.com\/index.php\/maquinaria-mobiliario\/#breadcrumb","itemListElement":[{"@type":"ListItem","position":1,"name":"Portada","item":"https:\/\/hosteleriasoluciones.com\/"},{"@type":"ListItem","position":2,"name":"Maquinaria y mobiliario industrial"}]},{"@type":"WebSite","@id":"https:\/\/hosteleriasoluciones.com\/#website","url":"https:\/\/hosteleriasoluciones.com\/","name":"Soluciones Hosteler\u00eda","description":"","potentialAction":[{"@type":"SearchAction","target":{"@type":"EntryPoint","urlTemplate":"https:\/\/hosteleriasoluciones.com\/?s={search_term_string}"},"query-input":{"@type":"PropertyValueSpecification","valueRequired":true,"valueName":"search_term_string"}}],"inLanguage":"es"}]}},"_links":{"self":[{"href":"https:\/\/hosteleriasoluciones.com\/index.php\/wp-json\/wp\/v2\/pages\/50","targetHints":{"allow":["GET"]}}],"collection":[{"href":"https:\/\/hosteleriasoluciones.com\/index.php\/wp-json\/wp\/v2\/pages"}],"about":[{"href":"https:\/\/hosteleriasoluciones.com\/index.php\/wp-json\/wp\/v2\/types\/page"}],"author":[{"embeddable":true,"href":"https:\/\/hosteleriasoluciones.com\/index.php\/wp-json\/wp\/v2\/users\/2"}],"replies":[{"embeddable":true,"href":"https:\/\/hosteleriasoluciones.com\/index.php\/wp-json\/wp\/v2\/comments?post=50"}],"version-history":[{"count":19,"href":"https:\/\/hosteleriasoluciones.com\/index.php\/wp-json\/wp\/v2\/pages\/50\/revisions"}],"predecessor-version":[{"id":325,"href":"https:\/\/hosteleriasoluciones.com\/index.php\/wp-json\/wp\/v2\/pages\/50\/revisions\/325"}],"wp:attachment":[{"href":"https:\/\/hosteleriasoluciones.com\/index.php\/wp-json\/wp\/v2\/media?parent=50"}],"curies":[{"name":"wp","href":"https:\/\/api.w.org\/{rel}","templated":true}]}}